n factor of c and 120?
30
Let h be (-20)/3*(3 - 6). Let a be (h/(-6))/((-8)/72). Let f be (-5 + -1)*(-11 + 10). Calculate the highest common divisor of f and a.
6
Let y(x) = 2*x**2 - 16*x + 78. Let o be y(9). Calculate the highest common divisor of 80 and o.
16
Let w be 9/(-6)*(-15 + -1). Calculate the greatest common divisor of 36 and w.
12
Let s(k) = 7*k - 16. Let l be (2 - 3) + (2 - 4) - -7. Let v be s(l). Let w = 72 + -42. Calculate the highest common divisor of w and v.
6
Let x be (-6)/((-24)/(-20)) + 9. Calculate the highest common divisor of 44 and x.
4
Suppose 33*t = 25*t + 24. Calculate the highest common factor of t and 159.
3
Suppose 7*w = 3*w + 12. Suppose 4*q = w*q - 32. Let p be (6/4)/((-3)/q). Calculate the highest common divisor of 48 and p.
16
Let m(w) = w**2 - w + 8. Let z be m(5). Suppose 102 = 4*h + 2*o - 0*o, -4*o = -3*h + 104. Suppose -3*t + h = t. What is the greatest common divisor of z and t?
7
Let w be (301 + 2)*1/3. Let u = 137 - w. Calculate the greatest common factor of 24 and u.
12
Suppose -22*r - 9 = 3*g - 19*r, 0 = -5*g + 2*r + 20. Calculate the greatest common divisor of 78 and g.
2
Let s(a) = 2*a**2 + 66*a - 65. Let v be s(-35). What is the greatest common factor of v and 135?
15
Suppose 0 = -h + 3*h - j - 156, 0 = 3*j + 6. What is the greatest common divisor of h and 21?
7
Suppose 4*w = -0*w - n - 20, 5*n - 20 = 0. Let c = w + 10. Suppose -c*d = -144 - 384. Calculate the greatest common divisor of 12 and d.
12
Let x(v) = -50 + 82 - 51 - 12*v. Let t be x(-12). Suppose 4*p + 51 - 251 = 0. Calculate the greatest common factor of t and p.
25
Let p = 8 + -6. Suppose -11 = 3*d - 6*d + 2*t, 2*t + 16 = 4*d. Calculate the greatest common factor of d and p.
1
Suppose -5*i = 5*k - 18 - 67, 43 = 2*i + 5*k. Let l be (-2210)/7 + (-4)/14. Let r = l + 470. Calculate the highest common factor of i and r.
14
Let s = 3 - -29. Let y = 132 - 68. Calculate the greatest common divisor of s and y.
32
Suppose -181 = 13*q - 766. What is the highest common divisor of q and 135?
45
Suppose -7*a = -296 + 100. Let g = -25 + a. Let d be -4 + (15 - g) + 4. Calculate the highest common factor of d and 8.
4
Let m be 4/16 + 1411/68. What is the highest common divisor of 525 and m?
21
Suppose 174 - 23 = z. Suppose -11*b + z = 52. What is the greatest common factor of 153 and b?
9
Suppose -19*s + 9*s = -130. Calculate the highest common factor of s and 13.
13
Suppose 70 = -2*m - 42. Let q be 2/(-7) + (-464)/m. What is the greatest common factor of 8 and q?
8
Let l be (25/(-2) + 9)*-2. What is the greatest common divisor of 511 and l?
7
Let k be (0 - (-142)/4)*2. Suppose 0 = -3*b - k + 227. What is the highest common factor of 78 and b?
26
Let g be 4 - -12*(-14)/(-21). Calculate the greatest common divisor of 276 and g.
12
Let x be (-5)/((-195)/182)*(-72)/(-7). Calculate the highest common divisor of 3 and x.
3
Let z(y) be the third derivative of 0 + 4*y**2 - 5/6*y**3 - 1/4*y**4 + 0*y + 1/60*y**5. Let b be z(7). Calculate the greatest common divisor of 3 and b.
1
Suppose 0*q + 3 = 3*q, -4*q = t - 12. Suppose 3*r = -r + 20. Suppose -3*w = 2*b - 0*w - 57, 3*w - 129 = -r*b. Calculate the greatest common factor of b and t.
8
Suppose 0 = 66*s - 28*s - 76. What is the highest common divisor of 252 and s?
2
Let p = 192 - 124. What is the highest common factor of 4 and p?
4
Let l(h) = -h**2 - h + 11. Let v be l(0). Let d(o) = -o + 17. Let b be d(v). What is the highest common divisor of 9 and b?
3
Let z(v) = v**2 - v + 1. Let x(a) = -5*a**2 - 18*a - 16. Let g(l) = -x(l) - 4*z(l). Let c be g(-22). Calculate the greatest common divisor of 12 and c.
12
Let x(c) = -3*c + 4. Let q be x(-6). Suppose -a + 10 = 2*y, -4 + 12 = 2*a - 2*y. Let w = q - a. What is the greatest common factor of w and 176?
16
Suppose -202 + 40 = -6*p. Let h be (-1)/2 - 275/(-10). What is the greatest common factor of h and p?
27
Let q(k) = -8*k - 227. Let t be q(-34). What is the highest common divisor of t and 50?
5
Let f(v) = 112*v - 770. Let g be f(11). Calculate the highest common factor of g and 210.
42
Let m be ((-26)/4)/((-1)/2). Suppose 0 = -3*z - 3*z + 276. Suppose 5*t - 19 = z. What is the greatest common factor of m and t?
13
Let p = 446 - 215. Let j(g) = 6*g**2 - 6*g - 3. Let s be j(-2). Calculate the highest common factor of s and p.
33
Let q(o) = -o**2 + 16*o - 32. Let d be q(12). What is the highest common divisor of d and 512?
16
Suppose -30*b + 24*b = -252. What is the highest common factor of 105 and b?
21
Let a(k) = k**3 + 4*k**2 - 5*k - 3. Let u be a(-4). Let d = -27 + 32. Suppose -d*m + 102 = -3*m. What is the highest common factor of m and u?
17
Let h(k) = -k**3 - 3*k**2 + 18*k + 12. Let s be h(-6). What is the highest common divisor of s and 708?
12
Let n = -7 + 13. Suppose 3*q = n*q - 30. Let z be q + -4 + 6 + 0. What is the greatest common factor of z and 6?
6
Suppose b - 3 = 2*q, -3*b = -0*b - 3*q - 12. Let o = 82 - -1. Let f = -28 + o. What is the highest common factor of f and b?
5
Suppose 12*o - 2856 = -16*o. Calculate the highest common divisor of o and 68.
34
Suppose q - 343 = -338. Calculate the highest common divisor of q and 1065.
5
Let q(o) = -o**3 + 8*o**2 - 7*o - 2. Let d be (-4 - 30/(-4))*6. Suppose -3*u + d = 3. Let z be q(u). Calculate the highest common factor of 14 and z.
14
Let f be 3*8/(-36)*6. Let u(v) = -2*v**2 - 2*v - 1. Let l be u(f). Let k be (l - 1)/(-1 + 0). What is the highest common factor of 39 and k?
13
Suppose -4*t = -2*k - 0 - 8, 5*k = 5*t - 20. Suppose -3*p - 7 + 58 = t. Let r(f) = 77*f - 1. Let x be r(2). What is the greatest common factor of p and x?
17
Let k = -7 + 11. Suppose k*z + 5*l = 282, -z - 3*l = 2*z - 210. Let v be 4/6*510/20. What is the highest common factor of z and v?
17
Suppose -3*w = -14*w + 220. Suppose -15 = -3*p - l, 0 = -2*l - 2*l + 12. Suppose -z + p*z = 12. Calculate the greatest common divisor of z and w.
4
Let g = -288 - -731. Suppose -5*a + 732 = 5*q - 2*a, -2*a - g = -3*q. Calculate the greatest common divisor of 21 and q.
21
Suppose 0 = -3*i + b + 551, -3*i = 5*b - 235 - 340. What is the greatest common factor of i and 111?
37
Suppose 25 = 5*g, -11*l + 115 = -7*l - g. Let d be (-4)/(-20) - (-114)/l. What is the highest common factor of 28 and d?
4
Let i(h) = -h**2 + 9*h + 10. Let m(b) = b**3 - 3*b**2 + 3*b. Let w be m(3). Let a be i(w). Suppose 8 = 3*n - 82. What is the greatest common divisor of a and n?
10
Suppose 3*z - 2*z - 4 = 0. Let r be (-3)/(-3 + 18/8). Suppose -4*h + 48 = -3*h - r*o, 4*h = o + 132. Calculate the greatest common factor of h and z.
4
Let r be 1/(-1) - (117 - 4). Let m = 194 + r. Suppose -9 = -3*i + 21. What is the highest common divisor of m and i?
10
Suppose -3*o + 5*i = -3116, -4*o + 4467 = 3*i + 351. What is the greatest common divisor of o and 24?
24
Suppose 3*f - 2*f = 0. Suppose -p + 268 = 3*c - f*p, 5*c = -2*p + 445. Calculate the greatest common factor of 13 and c.
13
Let r be (-32)/(6/12*(-3 + -1)). What is the greatest common factor of 16 and r?
16
Suppose 19 = -4*c + 103. Let u be 20/(-12)*((-9)/(-3))/(-1). Suppose -35 = -0*h - u*h. Calculate the highest common divisor of c and h.
7
Suppose 6 = 3*v - 3*y, -4*v = v + 4*y - 46. Suppose v = -2*l, 0 = g - l - 4 + 2. Let k be 98/10 - g/5. Calculate the highest common divisor of k and 70.
10
Suppose 16*m + 5*y = 11*m + 125, -5*m = y - 113. Calculate the highest common factor of m and 77.
11
Let i = -527 - -576. Calculate the highest common divisor of 392 and i.
49
Suppose 0 = -3*x + 73 - 7. Let q = 20 - x. Let b be (16 + q)/(2/4). What is the greatest common factor of 140 and b?
28
Let r = 112 + 5. Suppose r = 3*b - 87. What is the greatest common divisor of b and 34?
34
Suppose -25*u - 20 = -21*u, -2*u + 17 = 3*p. What is the highest common divisor of 639 and p?
9
Suppose -3*g + 96 = -3. Let y(i) = -5*i + 20. Let d(z) = 1. Let b(s) = -4*d(s) - y(s). Let j be b(7). What is the highest common factor of g and j?
11
Let h(i) = -i**2 + 9*i - 6. Let o be h(8). Let v be ((-16)/2 - 2)/o. Let z(t) = -18*t + 10. Let f be z(v). Calculate the highest common divisor of f and 20.
20
Let f(n) = 13*n**3 + 2*n**2 + n - 3. Let j be f(1). What is the highest common divisor of 1 and j?
1
Let m(a) = 3*a - 14. Let d be m(5). Let f(x) = -